{"id":9,"date":"2026-06-11T23:09:12","date_gmt":"2026-06-12T02:09:12","guid":{"rendered":"http:\/\/localhost\/?page_id=9"},"modified":"2026-08-03T12:46:46","modified_gmt":"2026-08-03T15:46:46","slug":"home","status":"publish","type":"page","link":"https:\/\/camporidsa.org\/es\/","title":{"rendered":"Home"},"content":{"rendered":"","protected":false},"excerpt":{"rendered":"","protected":false},"author":1,"featured_media":0,"parent":0,"menu_order":0,"comment_status":"closed","ping_status":"closed","template":"","meta":{"_acf_changed":false,"footnotes":""},"class_list":["post-9","page","type-page","status-publish","hentry"],"acf":{"home_hero_media_type":"video","home_hero_image":47,"home_hero_video":399,"home_hero_title":"VI CAMPOR\u00cd SUDAMERICANO ","home_hero_description":"Un movimiento de fe, comuni\u00f3n y aventura que reunir\u00e1 a m\u00e1s de 120 mil Conquistadores de Sudam\u00e9rica y de diversas partes del mundo, bajo el tema 'Siempre Conquistador'.","home_presentation_image":114,"home_presentation_quote":"Yo y \r\nmi casa\r\n","home_presentation_highlight":"<span>serviremos<\/span>al Se\u00f1or.","home_presentation_reference":"Josu\u00e9 24:15","home_presentation_description":"El <strong>VI Campor\u00ed Sudamericano<\/strong> es un movimiento de fe, comuni\u00f3n y aventura que reunir\u00e1 a m\u00e1s de 120 mil Conquistadores de Sudam\u00e9rica y de diversas partes del mundo, bajo el tema 'Siempre Conquistador', para fortalecer el compromiso con Cristo.","home_presentation_button":{"title":"Encuentra un club","url":"https:\/\/clubes.adventistas.org","target":"_blank"},"home_registration_title":"Inscripciones","home_registration_items":[{"registration_item_icon_svg":117,"registration_item_title":"Lugar","registration_item_content":"Brasil Parque do Pe\u00e3o, Barretos - S\u00e3o Paulo - SP - Brasil"},{"registration_item_icon_svg":119,"registration_item_title":"P\u00fablico objetivo:","registration_item_content":"\u2022\u2060 \u2060Conquistadores de 10 a 15 a\u00f1os, inscritos con sus Clubes de las Iglesias Adventistas de los 8 pa\u00edses de Sudam\u00e9rica y de otras partes del mundo;\r\n\u2022\u2060 \u2060Directiva, consejeros y staff de los Clubes de Conquistadores;\r\n\u2022\u2060 \u2060Pastores distritales, administradores y departamentales de las Uniones y Campos que acompa\u00f1an a sus Clubes en el evento."}],"home_registration_note_icon_svg":"","home_registration_note":"","home_registration_link":"","home_participations_eyebrow":"Invitados","home_participations_title":"Especiales","home_participations":[232,231,230,228,28],"home_participations_button":"","home_final_image":131,"home_final_title":"Ven a vivir la mayor aventura de fe de los Conquistadores de Sudam\u00e9rica.","home_final_description":"Prepara tu coraz\u00f3n, tu fe y tu club para vivir el VI Campor\u00ed Sudamericano 'Siempre Conquistador' \u2014 un camino de crecimiento que comienza mucho antes de llegar a Barretos."},"_links":{"self":[{"href":"https:\/\/camporidsa.org\/es\/wp-json\/wp\/v2\/pages\/9","targetHints":{"allow":["GET"]}}],"collection":[{"href":"https:\/\/camporidsa.org\/es\/wp-json\/wp\/v2\/pages"}],"about":[{"href":"https:\/\/camporidsa.org\/es\/wp-json\/wp\/v2\/types\/page"}],"author":[{"embeddable":true,"href":"https:\/\/camporidsa.org\/es\/wp-json\/wp\/v2\/users\/1"}],"replies":[{"embeddable":true,"href":"https:\/\/camporidsa.org\/es\/wp-json\/wp\/v2\/comments?post=9"}],"version-history":[{"count":34,"href":"https:\/\/camporidsa.org\/es\/wp-json\/wp\/v2\/pages\/9\/revisions"}],"predecessor-version":[{"id":400,"href":"https:\/\/camporidsa.org\/es\/wp-json\/wp\/v2\/pages\/9\/revisions\/400"}],"acf:post":[{"embeddable":true,"href":"https:\/\/camporidsa.org\/es\/wp-json\/wp\/v2\/participacao\/28"},{"embeddable":true,"href":"https:\/\/camporidsa.org\/es\/wp-json\/wp\/v2\/participacao\/228"},{"embeddable":true,"href":"https:\/\/camporidsa.org\/es\/wp-json\/wp\/v2\/participacao\/230"},{"embeddable":true,"href":"https:\/\/camporidsa.org\/es\/wp-json\/wp\/v2\/participacao\/231"},{"embeddable":true,"href":"https:\/\/camporidsa.org\/es\/wp-json\/wp\/v2\/participacao\/232"}],"wp:attachment":[{"href":"https:\/\/camporidsa.org\/es\/wp-json\/wp\/v2\/media?parent=9"}],"curies":[{"name":"wp","href":"https:\/\/api.w.org\/{rel}","templated":true}]}}

VI CAMPORÍ SUDAMERICANO

Un movimiento de fe, comunión y aventura que reunirá a más de 120 mil Conquistadores de Sudamérica y de diversas partes del mundo, bajo el tema 'Siempre Conquistador'.

<span>serviremos</span>al Señor.

Josué 24:15

El <strong>VI Camporí Sudamericano</strong> es un movimiento de fe, comunión y aventura que reunirá a más de 120 mil Conquistadores de Sudamérica y de diversas partes del mundo, bajo el tema 'Siempre Conquistador', para fortalecer el compromiso con Cristo.

Brasil Parque do Peão, Barretos - São Paulo - SP - Brasil

Público objetivo:

•⁠ ⁠Conquistadores de 10 a 15 años, inscritos con sus Clubes de las Iglesias Adventistas de los 8 países de Sudamérica y de otras partes del mundo;
•⁠ ⁠Directiva, consejeros y staff de los Clubes de Conquistadores;
•⁠ ⁠Pastores distritales, administradores y departamentales de las Uniones y Campos que acompañan a sus Clubes en el evento.

Ven a vivir la mayor aventura de fe de los Conquistadores de Sudamérica.

Prepara tu corazón, tu fe y tu club para vivir el VI Camporí Sudamericano 'Siempre Conquistador' — un camino de crecimiento que comienza mucho antes de llegar a Barretos.
